{"id":5415,"date":"2019-09-02T13:36:35","date_gmt":"2019-09-02T11:36:35","guid":{"rendered":"http:\/\/osk.koemau.at\/fussball\/?page_id=5415"},"modified":"2019-09-02T13:36:35","modified_gmt":"2019-09-02T11:36:35","slug":"spielplan-spielberichte-saison-2015-16","status":"publish","type":"page","link":"https:\/\/osk.koemau.at\/fussball\/spielplan-spielberichte-saison-2015-16\/","title":{"rendered":"Spielplan &#038; Spielberichte Saison 2015\/16"},"content":{"rendered":"<table border=\"0\">\n<tbody>\n<tr>\n<td>1. Runde<\/td>\n<td>25.07.<\/td>\n<td>FC Hermagor<\/td>\n<td>&#8211;<\/td>\n<td><strong>OSK K\u00f6tschach-M. <\/strong><\/td>\n<td>1:2<\/td>\n<td>&#8230; <a href=\"http:\/\/osk.koemau.at\/fussball\/2015\/07\/27\/1-runde-201516-samstag-25-juli-2015\/\" target=\"_blank\" rel=\"noopener noreferrer\">zum Bericht<\/a><\/td>\n<\/tr>\n<tr>\n<td>2. Runde<\/td>\n<td>02.08.<\/td>\n<td>ASK\u00d6 Irschen<\/td>\n<td>&#8211;<\/td>\n<td><strong>OSK K\u00f6tschach-M. <\/strong><\/td>\n<td>3:1<\/td>\n<td>&#8230; <a href=\"http:\/\/osk.koemau.at\/fussball\/2015\/08\/02\/2-runde-201516-sonntag-02-august-2015\/\" target=\"_blank\" rel=\"noopener noreferrer\">zum Bericht<\/a><\/td>\n<\/tr>\n<tr>\n<td>3. Runde<\/td>\n<td>08.08.<\/td>\n<td><strong> OSK K\u00f6tschach-M. <\/strong><\/td>\n<td>&#8211;<\/td>\n<td>SV Rothenthurn<\/td>\n<td>3:1<\/td>\n<td>&#8230; <a href=\"http:\/\/osk.koemau.at\/fussball\/2015\/08\/10\/3-runde-201516-samstag-08-august-2015\/\" target=\"_blank\" rel=\"noopener noreferrer\">zum Bericht<\/a><\/td>\n<\/tr>\n<tr>\n<td>4. Runde<\/td>\n<td>16.08.<\/td>\n<td>SU Oberlienz<\/td>\n<td>&#8211;<\/td>\n<td><strong>OSK K\u00f6tschach-M. <\/strong><\/td>\n<td>3:2<\/td>\n<td>&#8230; <a href=\"http:\/\/osk.koemau.at\/fussball\/2015\/08\/17\/4-runde-201516-sonntag-16-august-2015\/\" target=\"_blank\" rel=\"noopener noreferrer\">zum Bericht<\/a><\/td>\n<\/tr>\n<tr>\n<td>5. Runde<\/td>\n<td>22.08.<\/td>\n<td><strong> OSK K\u00f6tschach-M. <\/strong><\/td>\n<td>&#8211;<\/td>\n<td>SV Tristach<\/td>\n<td>0:4<\/td>\n<td>&#8230; <a href=\"http:\/\/osk.koemau.at\/fussball\/2015\/08\/24\/5-runde-201516-sonntag-22-august-2015\/\" target=\"_blank\" rel=\"noopener noreferrer\">zum Bericht<\/a><\/td>\n<\/tr>\n<tr>\n<td>6. Runde<\/td>\n<td>29.08.<\/td>\n<td>SV Stall<\/td>\n<td>&#8211;<\/td>\n<td><strong>OSK K\u00f6tschach-M. <\/strong><\/td>\n<td>1:1<\/td>\n<td>&#8230; <a href=\"http:\/\/osk.koemau.at\/fussball\/2015\/08\/31\/6-runde-201516-samstag-29-august-2015\/\" target=\"_blank\" rel=\"noopener noreferrer\">zum Bericht<\/a><\/td>\n<\/tr>\n<tr>\n<td>7. Runde<\/td>\n<td>05.09.<\/td>\n<td><strong> OSK K\u00f6tschach-M. <\/strong><\/td>\n<td>&#8211;<\/td>\n<td>FC Sillian-Heinfels<\/td>\n<td>2:1<\/td>\n<td>&#8230; <a href=\"http:\/\/osk.koemau.at\/fussball\/2015\/09\/07\/7-runde-201516-samstag-05-september-2015\/\" target=\"_blank\" rel=\"noopener noreferrer\">zum Bericht<\/a><\/td>\n<\/tr>\n<tr>\n<td>8. Runde<\/td>\n<td>12.09.<\/td>\n<td>SK Kirchbach<\/td>\n<td>&#8211;<\/td>\n<td><strong>OSK K\u00f6tschach-M. <\/strong><\/td>\n<td>0:0<\/td>\n<td>&#8230; <a href=\"http:\/\/osk.koemau.at\/fussball\/2015\/09\/14\/8-runde-201516-samstag-12-september-2015\/\" target=\"_blank\" rel=\"noopener noreferrer\">zum Bericht<\/a><\/td>\n<\/tr>\n<tr>\n<td>9. Runde<\/td>\n<td>19.09.<\/td>\n<td><strong> OSK K\u00f6tschach-M. <\/strong><\/td>\n<td>&#8211;<\/td>\n<td>TSU Virgen<\/td>\n<td>6:1<\/td>\n<td>&#8230; <a href=\"http:\/\/osk.koemau.at\/fussball\/2015\/09\/21\/9-runde-201516-samstag-19-september-2015\/\" target=\"_blank\" rel=\"noopener noreferrer\">zum Bericht<\/a><\/td>\n<\/tr>\n<tr>\n<td>10. Runde<\/td>\n<td>26.09.<\/td>\n<td>ASK\u00d6 Gm\u00fcnd<\/td>\n<td>&#8211;<\/td>\n<td><strong>OSK K\u00f6tschach-M. <\/strong><\/td>\n<td>2:2<\/td>\n<td>&#8230; <a href=\"http:\/\/osk.koemau.at\/fussball\/2015\/09\/28\/10-runde-201516-sonntag-27-september-2015\/\" target=\"_blank\" rel=\"noopener noreferrer\">zum Bericht<\/a><\/td>\n<\/tr>\n<tr>\n<td>11. Runde<\/td>\n<td>03.10.<\/td>\n<td><strong> OSK K\u00f6tschach-M. <\/strong><\/td>\n<td>&#8211;<\/td>\n<td>FC D\u00f6lsach<\/td>\n<td>3:1<\/td>\n<td>&#8230; <a href=\"http:\/\/osk.koemau.at\/fussball\/2015\/10\/05\/11-runde-201516-samstag-03-oktober-2015\/\" target=\"_blank\" rel=\"noopener noreferrer\">zum Bericht<\/a><\/td>\n<\/tr>\n<tr>\n<td>12. Runde<\/td>\n<td>10.10.<\/td>\n<td>URC Thal\/Assling<\/td>\n<td>&#8211;<\/td>\n<td><strong>OSK K\u00f6tschach-M. <\/strong><\/td>\n<td>4:0<\/td>\n<td>&#8230; <a href=\"http:\/\/osk.koemau.at\/fussball\/2015\/10\/12\/12-runde-201516-samstag-10-oktober-2015\/\" target=\"_blank\" rel=\"noopener noreferrer\">zum Bericht<\/a><\/td>\n<\/tr>\n<tr>\n<td>13. Runde<\/td>\n<td>17.10.<\/td>\n<td><strong> OSK K\u00f6tschach-M. <\/strong><\/td>\n<td>&#8211;<\/td>\n<td>TSU Nikolsdorf<\/td>\n<td>3:6<\/td>\n<td>&#8230; <a href=\"http:\/\/osk.koemau.at\/fussball\/2015\/10\/19\/13-runde-201516-samstag-17-oktober-2015\/\" target=\"_blank\" rel=\"noopener noreferrer\">zum Bericht<\/a><\/td>\n<\/tr>\n<tr>\n<td>14. Runde<\/td>\n<td>24.10.<\/td>\n<td>SV Greifenburg<\/td>\n<td>&#8211;<\/td>\n<td><strong>OSK K\u00f6tschach-M. <\/strong><\/td>\n<td>4:0<\/td>\n<td>&#8230; <a href=\"http:\/\/osk.koemau.at\/fussball\/2015\/10\/26\/14-runde-201516-samstag-24-oktober-2015\/\" target=\"_blank\" rel=\"noopener noreferrer\">zum Bericht<\/a><\/td>\n<\/tr>\n<tr>\n<td>15. Runde<\/td>\n<td>31.10.<\/td>\n<td><strong> OSK K\u00f6tschach-M. <\/strong><\/td>\n<td>&#8211;<\/td>\n<td>SK Grafendorf<\/td>\n<td>5:1<\/td>\n<td>&#8230; <a href=\"http:\/\/osk.koemau.at\/fussball\/2015\/11\/02\/15-runde-201516-samstag-31-oktober-2015\/\" target=\"_blank\" rel=\"noopener noreferrer\">zum Bericht<\/a><\/td>\n<\/tr>\n<tr>\n<td>16. Runde<\/td>\n<td>07.11.<\/td>\n<td><strong> OSK K\u00f6tschach-M. <\/strong><\/td>\n<td>&#8211;<\/td>\n<td>FC Hermagor<\/td>\n<td>2:1<\/td>\n<td>&#8230; <a href=\"http:\/\/osk.koemau.at\/fussball\/2015\/11\/09\/16-runde-201516-samstag-07-november-2015\/\" target=\"_blank\" rel=\"noopener noreferrer\">zum Bericht<\/a><\/td>\n<\/tr>\n<tr>\n<td>17. Runde<\/td>\n<td>05.05.<\/td>\n<td><strong> OSK K\u00f6tschach-M. <\/strong><\/td>\n<td>&#8211;<\/td>\n<td>ASK\u00d6 Irschen<\/td>\n<td>1:0<\/td>\n<td>&#8230; <a href=\"http:\/\/osk.koemau.at\/fussball\/2016\/05\/06\/17-runde-201516-donnerstag-05-mai-2016\/\" target=\"_blank\" rel=\"noopener noreferrer\">zum Bericht<\/a><\/td>\n<\/tr>\n<tr>\n<td>18. Runde<\/td>\n<td>03.04.<\/td>\n<td>SV Rothenthurn<\/td>\n<td>&#8211;<\/td>\n<td><strong>OSK K\u00f6tschach-M. <\/strong><\/td>\n<td>3:0<\/td>\n<td>&#8230; <a href=\"http:\/\/osk.koemau.at\/fussball\/2016\/04\/04\/18-runde-201516-sonntag-03-april-2016\/\" target=\"_blank\" rel=\"noopener noreferrer\">zum Bericht<\/a><\/td>\n<\/tr>\n<tr>\n<td>19. Runde<\/td>\n<td>09.04.<\/td>\n<td><strong> OSK K\u00f6tschach-M. <\/strong><\/td>\n<td>&#8211;<\/td>\n<td>SU Oberlienz<\/td>\n<td>2:0<\/td>\n<td>&#8230; <a href=\"http:\/\/osk.koemau.at\/fussball\/2016\/04\/11\/19-runde-201516-samstag-09-april-2016\/\" target=\"_blank\" rel=\"noopener noreferrer\">zum Bericht<\/a><\/td>\n<\/tr>\n<tr>\n<td>20. Runde<\/td>\n<td>17.04.<\/td>\n<td>SV Tristach<\/td>\n<td>&#8211;<\/td>\n<td><strong>OSK K\u00f6tschach-M. <\/strong><\/td>\n<td>2:0<\/td>\n<td>&#8230; <a href=\"http:\/\/osk.koemau.at\/fussball\/2016\/04\/18\/20-runde-201516-sonntag-17-april-2016\/\" target=\"_blank\" rel=\"noopener noreferrer\">zum Bericht<\/a><\/td>\n<\/tr>\n<tr>\n<td>21. Runde<\/td>\n<td>23.04.<\/td>\n<td><strong> OSK K\u00f6tschach-M. <\/strong><\/td>\n<td>&#8211;<\/td>\n<td>SV Stall<\/td>\n<td>3:1<\/td>\n<td>&#8230; <a href=\"http:\/\/osk.koemau.at\/fussball\/2016\/04\/25\/21-runde-201516-samstag-23-april-2016\/\" target=\"_blank\" rel=\"noopener noreferrer\">zum Bericht<\/a><\/td>\n<\/tr>\n<tr>\n<td>22. Runde<\/td>\n<td>30.04.<\/td>\n<td>FC Sillian-Heinfels<\/td>\n<td>&#8211;<\/td>\n<td><strong>OSK K\u00f6tschach-M. <\/strong><\/td>\n<td>2:2<\/td>\n<td>&#8230; <a href=\"http:\/\/osk.koemau.at\/fussball\/2016\/05\/02\/22-runde-201516-samstag-30-april-2016\/\" target=\"_blank\" rel=\"noopener noreferrer\">zum Bericht<\/a><\/td>\n<\/tr>\n<tr>\n<td>23. Runde<\/td>\n<td>07.05.<\/td>\n<td><strong> OSK K\u00f6tschach-M. <\/strong><\/td>\n<td>&#8211;<\/td>\n<td>SK Kirchbach<\/td>\n<td>2:3<\/td>\n<td>&#8230; <a href=\"http:\/\/osk.koemau.at\/fussball\/2016\/05\/09\/23-runde-201516-samstag-07-mai-2016\/\" target=\"_blank\" rel=\"noopener noreferrer\">zum Bericht<\/a><\/td>\n<\/tr>\n<tr>\n<td>24. Runde<\/td>\n<td>15.05.<\/td>\n<td>TSU Virgen<\/td>\n<td>&#8211;<\/td>\n<td><strong>OSK K\u00f6tschach-M. <\/strong><\/td>\n<td>1:2<\/td>\n<td>&#8230; <a href=\"http:\/\/osk.koemau.at\/fussball\/2016\/05\/17\/24-runde-201516-sonntag-15-mai-2016\/\" target=\"_blank\" rel=\"noopener noreferrer\">zum Bericht<\/a><\/td>\n<\/tr>\n<tr>\n<td>25. Runde<\/td>\n<td>21.05.<\/td>\n<td><strong> OSK K\u00f6tschach-M. <\/strong><\/td>\n<td>&#8211;<\/td>\n<td>ASK\u00d6 Gm\u00fcnd<\/td>\n<td>3:0<\/td>\n<td>&#8230; <a href=\"http:\/\/osk.koemau.at\/fussball\/2016\/05\/23\/25-runde-201516-samstag-21-mai-2016\/\" target=\"_blank\" rel=\"noopener noreferrer\">zum Bericht<\/a><\/td>\n<\/tr>\n<tr>\n<td>26. Runde<\/td>\n<td>26.05.<\/td>\n<td>FC D\u00f6lsach<\/td>\n<td>&#8211;<\/td>\n<td><strong>OSK K\u00f6tschach-M. <\/strong><\/td>\n<td>2:1<\/td>\n<td>&#8230; <a href=\"http:\/\/osk.koemau.at\/fussball\/2016\/05\/27\/26-runde-201516-donnerstag-26-mai-2016\/\" target=\"_blank\" rel=\"noopener noreferrer\">zum Bericht<\/a><\/td>\n<\/tr>\n<tr>\n<td>27. Runde<\/td>\n<td>28.05.<\/td>\n<td><strong> OSK K\u00f6tschach-M. <\/strong><\/td>\n<td>&#8211;<\/td>\n<td>URC Thal\/Assling<\/td>\n<td>2:0<\/td>\n<td>&#8230; <a href=\"http:\/\/osk.koemau.at\/fussball\/2016\/05\/30\/27-runde-201516-samstag-28-mai-2016\/\" target=\"_blank\" rel=\"noopener noreferrer\">zum Bericht<\/a><\/td>\n<\/tr>\n<tr>\n<td>28. Runde<\/td>\n<td>04.06.<\/td>\n<td>TSU Nikolsdorf<\/td>\n<td>&#8211;<\/td>\n<td><strong>OSK K\u00f6tschach-M. <\/strong><\/td>\n<td>1:3<\/td>\n<td>&#8230; <a href=\"http:\/\/osk.koemau.at\/fussball\/2016\/06\/06\/28-runde-201516-samstag-04-juni-2016\/\" target=\"_blank\" rel=\"noopener noreferrer\">zum Bericht<\/a><\/td>\n<\/tr>\n<tr>\n<td>29. Runde<\/td>\n<td>11.06.<\/td>\n<td><strong> OSK K\u00f6tschach-M. <\/strong><\/td>\n<td>&#8211;<\/td>\n<td>SV Greifenburg<\/td>\n<td>0:2<\/td>\n<td>&#8230; <a href=\"http:\/\/osk.koemau.at\/fussball\/2016\/06\/13\/29-runde-201516-samstag-11-juni-2016\/\" target=\"_blank\" rel=\"noopener noreferrer\">zum Bericht<\/a><\/td>\n<\/tr>\n<tr>\n<td>30. Runde<\/td>\n<td>18.06.<\/td>\n<td>SK Grafendorf<\/td>\n<td>&#8211;<\/td>\n<td><strong>OSK K\u00f6tschach-M. <\/strong><\/td>\n<td>2:0<\/td>\n<td>&#8230; <a href=\"http:\/\/osk.koemau.at\/fussball\/2016\/06\/20\/30-runde-201516-samstag-18-juni-2016\/\" target=\"_blank\" rel=\"noopener noreferrer\">zum Bericht<\/a><\/td>\n<\/tr>\n<\/tbody>\n<\/table>\n<p>&#8230; <a href=\"http:\/\/osk.koemau.at\/fussball\/spielplan-spielberichte-saison-2014-15\/\">hier geht&#8217;s zu den Spielberichten der Saison 2014\/15<\/a><\/p>\n","protected":false},"excerpt":{"rendered":"<p>1. Runde 25.07. FC Hermagor &#8211; OSK K\u00f6tschach-M. 1:2 &#8230; zum Bericht 2. Runde 02.08. ASK\u00d6 Irschen &#8211; OSK K\u00f6tschach-M. 3:1 &#8230; zum Bericht 3. Runde 08.08. OSK K\u00f6tschach-M. &#8211; SV Rothenthurn 3:1 &#8230; zum Bericht 4. Runde 16.08. SU Oberlienz &#8211; OSK K\u00f6tschach-M. 3:2 &#8230; zum Bericht 5. Runde 22.08. OSK K\u00f6tschach-M. &#8211; SV [&hellip;]<\/p>\n","protected":false},"author":1,"featured_media":0,"parent":0,"menu_order":0,"comment_status":"closed","ping_status":"closed","template":"","meta":{"footnotes":""},"_links":{"self":[{"href":"https:\/\/osk.koemau.at\/fussball\/wp-json\/wp\/v2\/pages\/5415"}],"collection":[{"href":"https:\/\/osk.koemau.at\/fussball\/wp-json\/wp\/v2\/pages"}],"about":[{"href":"https:\/\/osk.koemau.at\/fussball\/wp-json\/wp\/v2\/types\/page"}],"author":[{"embeddable":true,"href":"https:\/\/osk.koemau.at\/fussball\/wp-json\/wp\/v2\/users\/1"}],"replies":[{"embeddable":true,"href":"https:\/\/osk.koemau.at\/fussball\/wp-json\/wp\/v2\/comments?post=5415"}],"version-history":[{"count":1,"href":"https:\/\/osk.koemau.at\/fussball\/wp-json\/wp\/v2\/pages\/5415\/revisions"}],"predecessor-version":[{"id":5416,"href":"https:\/\/osk.koemau.at\/fussball\/wp-json\/wp\/v2\/pages\/5415\/revisions\/5416"}],"wp:attachment":[{"href":"https:\/\/osk.koemau.at\/fussball\/wp-json\/wp\/v2\/media?parent=5415"}],"curies":[{"name":"wp","href":"https:\/\/api.w.org\/{rel}","templated":true}]}}